
False
Does 235 divide 16414782?
False
Is 534 a factor of 482080515?
False
Is 504593000 a multiple of 125?
True
Does 126 divide 31384887?
False
Is 2 a factor of 937522?
True
Is 3673 a factor of 23712888?
True
Does 50 divide 49033750?
True
Does 21 divide 1262172670?
False
Is 538241182 a multiple of 88?
False
Is 746 a factor of 1622719342?
True
Does 2 divide 30205291?
False
Does 141 divide 118533624?
True
Does 537 divide 91971453?
True
Is 88671192 a multiple of 492?
True
Is 333844448 a multiple of 20?
False
Does 16 divide 8013824?
True
Is 216876849 a multiple of 21?
True
Is 4877233 a multiple of 115?
False
Does 155 divide 810680535?
True
Is 54 a factor of 326429986?
False
Is 15 a factor of 341955105?
True
Does 3 divide 136778619?
True
Does 185 divide 495961320?
True
Is 2 a factor of 9973183?
False
Is 915264 a multiple of 448?
True
Does 62 divide 5788506?
True
Does 21 divide 7233114?
True
Is 47 a factor of 35097109?
True
Is 4508384600 a multiple of 821?
False
Does 22 divide 23997688?
True
Is 80371566 a multiple of 11?
True
Is 389297536 a multiple of 608?
True
Does 29 divide 147021301?
False
Is 1080854615 a multiple of 95?
True
Is 862 a factor of 47829994?
False
Is 2505505 a multiple of 115?
True
Is 34 a factor of 136501908?
True
Is 37097667 a multiple of 680?
False
Does 5 divide 25708682?
False
Is 541383852 a multiple of 20?
False
Does 154 divide 23694929?
False
Is 1397 a factor of 1151367302?
False
Is 21424956 a multiple of 996?
True
Is 14 a factor of 450922192?
True
Does 14 divide 276948056?
True
Does 35 divide 3015098?
False
Is 7 a factor of 1312160374?
True
Is 666226757 a multiple of 22?
False
Is 235 a factor of 1186453195?
True
Is 20 a factor of 23349613?
False
Is 14 a factor of 844683023?
False
Does 547 divide 12819797?
False
Is 6727757 a multiple of 11?
False
Does 203 divide 510748?
True
Is 119709409 a multiple of 1307?
False
Does 1891 divide 991136706?
False
Does 14 divide 3471762?
True
Is 721800291 a multiple of 514?
False
Does 634 divide 2144898323?
False
Is 1395 a factor of 1423166697?
False
Does 1395 divide 562172445?
True
Is 251161640 a multiple of 9?
False
Is 1953 a factor of 17637716?
False
Is 226832782 a multiple of 76?
False
Does 191 divide 83866314?
False
Is 169933048 a multiple of 627?
False
Is 350061901 a multiple of 2570?
False
Is 22 a factor of 4143996450?
True
Is 54 a factor of 1690113?
False
Does 354 divide 287309586?
True
Does 11 divide 10552343?
False
Is 5856 a factor of 2396999535?
False
Is 11 a factor of 1943969973?
True
Is 685 a factor of 1093294554?
False
Does 63 divide 130675986?
True
Is 2145 a factor of 6513930?
False
Is 2 a factor of 3579818?
True
Is 5183731792 a multiple of 5594?
False
Is 297400965 a multiple of 144?
False
Does 37 divide 17133516?
True
Does 28 divide 690546515?
False
Is 5087 a factor of 164844235?
True
Is 108 a factor of 319152528?
True
Is 7 a factor of 113579514?
False
Is 1143 a factor of 84348828?
True
Does 257 divide 155959224?
False
Is 6 a factor of 20417981?
False
Is 54425233 a multiple of 1413?
False
Does 4 divide 9676424?
True
Does 298 divide 8979336?
True
Is 8 a factor of 265000468?
False
Is 63 a factor of 132865992?
True
Is 62 a factor of 44593316?
False
Is 177373946 a multiple of 2393?
True
Is 40 a factor of 53209640?
True
Is 22 a factor of 343397560?
True
Does 521 divide 98045948?
True
Is 186 a factor of 85120482?
True
Is 244960 a multiple of 12?
False
Is 229121685 a multiple of 65?
True
Is 347 a factor of 606790572?
True
Does 4 divide 36131923?
False
Is 667 a factor of 10744036?
True
Is 185 a factor of 4828500?
True
Is 184999807 a multiple of 5392?
False
Is 1752183 a multiple of 17?
False
Is 92 a factor of 154093008?
True
Is 1386 a factor of 20796930?
True
Does 594 divide 10823955?
False
Is 1372 a factor of 27110720?
True
Is 358678616 a multiple of 7?
False
Is 5280 a factor of 312935040?
True
Is 471145202 a multiple of 53?
False
Is 1565 a factor of 3929715?
True
Is 96491616 a multiple of 4075?
False
Is 111270560 a multiple of 1019?
False
Is 11623862 a multiple of 35?
False
Does 77 divide 170931274?
False
Is 27909423 a multiple of 57?
True
Is 1774 a factor of 24875028?
True
Does 285 divide 4440525?
False
Is 127 a factor of 4328414?
True
Is 125501232 a multiple of 114?
True
Is 12 a factor of 3096408?
True
Is 22 a factor of 87883883?
False
Is 261007558 a multiple of 13?
False
Is 2252925477 a multiple of 119?
False
Is 55 a factor of 13729540?
True
Is 143 a factor of 3081151?
False
Is 378 a factor of 41387055?
False
Is 26 a factor of 20434830?
True
Does 16 divide 9422784?
True
Is 38908247 a multiple of 4?
False
Is 10 a factor of 8559130?
True
Is 249240639 a multiple of 3?
True
Is 10188001 a multiple of 83?
True
Does 10170 divide 1268717670?
True
Does 189 divide 20846511?
True
Is 7 a factor of 2008152?
False
Is 149 a factor of 656961534?
False
Does 11 divide 41048900?
False
Is 32126027 even?
False
Is 15406069 a multiple of 97?
False
Is 478298032 a multiple of 1136?
True
Is 3129 a factor of 1949729964?
True
Does 553 divide 77578809?
False
Is 16243352 a multiple of 117?
False
Does 48 divide 173630040?
False
Is 826 a factor of 158532528?
True
Is 11793750 a multiple of 625?
True
Does 9 divide 18763443?
True
Is 45335356 a multiple of 2409?
False
Does 37 divide 78118063?
True
Is 994553459 a multiple of 142?
False
Is 21 a factor of 257015934?
True
Is 568 a factor of 38582536?
True
Is 88822442 a multiple of 35?
False
Does 4 divide 6170114?
False
Does 740 divide 1355721440?
True
Is 3 a factor of 2811346?
False
Is 4433883 a multiple of 92?
False
Is 9588010 a multiple of 2?
True
Is 127952940 a multiple of 2620?
True
Is 186 a factor of 803378640?
True
Is 74843802 a multiple of 1437?
False
Is 93 a factor of 273395606?
False
Is 1008346017 a multiple of 1277?
True
Is 66 a factor of 11753478?
True
Does 60 divide 302819299?
False
Is 79974371 a multiple of 1891?
False
Is 1101 a factor of 79032799?
False
Does 3435 divide 39945615?
True
Is 344976448 a multiple of 1789?
True
Is 99793286 a multiple of 184?
False
Is 15 a factor of 94609320?
True
Is 264552732 a multiple of 18?
True
Does 111 divide 31407958?
False
Is 2022 a factor of 5088000?
False
Does 11 divide 147940694?
True
Is 1295 a factor of 4492881749?
False
Does 6 divide 247099?
False
Is 516 a factor of 26423069?
False
Is 41549256 a multiple of 147?
True
Is 12 a factor of 46899204?
True
Does 17 divide 766842188?
True
Is 26 a factor of 36688548?
True
Is 205793333 a multiple of 174?
False
Does 121 divide 23439273?
True
Is 5454313873 a multiple of 8974?
False
Is 128727404 a multiple of 3?
False
Is 18 a factor of 11379971?
False
Is 33 a factor of 2934663501?
True
Does 9 divide 2166091704?
True
Does 8 divide 808870448?
True
Is 1285131785 a multiple of 527?
False
Is 17 a factor of 77371792?
False
Does 124 divide 4848004?
False
Is 1141233450 a multiple of 3974?
True
Is 7463344 a multiple of 8?
True
Does 102 divide 235718226?
True
Is 98009426 a multiple of 1068?
False
Is 121 a factor of 295010997?
False
Is 1455 a factor of 208020899?
False
Does 24 divide 66979154?
False
Does 5 divide 18331914?
False
Does 475 divide 3142551?
False
Does 10 divide 631682011?
False
Is 2 a factor of 29335949?
False
Is 822 a factor of 14446650?
True
Is 3010716 a multiple of 2?
True
Is 15 a factor of 4214102200?
False
Is 27332552 a multiple of 12?
False
Is 73733010 a multiple of 1628?
False
Is 11 a factor of 369859358?
True
Is 335 a factor of 11601362?
False
Is 1860834688 a multiple of 64?
True
Does 76 divide 3532543?
False
Is 419840 a multiple of 512?
True
Is 88362880 a multiple of 1616?
True
Does 1011 divide 80926049?
False
Is 39092338 a multiple of 1032?
False
Is 637346684 a multiple of 358?
True
Is 82 a factor of 11029141?
False
Is 78403584 a multiple of 3?
True
Is 432 a factor of 165085776?
True
Does 353 divide 284140996?
True
Is 17516603 a multiple of 241?
True
Is 23 a factor of 48642965?
False
Does 50 divide 47253350?
True
Does 369 divide 4062208?
False
Does 58 divide 1233340884?
True
Does 46 divide 7320764?
False
Is 256 a factor of 4442942976?
True
Does 495 divide 13270652?
False
Is 284831052 a multiple of 674?
True
Is 395 a factor of 36735?
True
Is 10 a factor of 448461090?
True
Does 47 divide 445510368?
True
Is 3774 a factor of 2039242380?
False
Is 3421597938 a multiple of